
(-4 - (32 + -15 + 36) - -18) + 12
-27
Calculate (163 - -5) + -70 - 35.
63
-2 + -2 - (-9 + 1 + (19 - -53 - -7))
-75
-16 + (17 - 3) + 0 + (70 - -5) + -1
72
37 + -1 + (-3 + 2 - (-131 + 131))
35
Evaluate -16 + (-3 - -5) + -10 - (3 + -9).
-18
Evaluate (3 + (9 - 17 - -29) - 10) + -58 + -22.
-66
-22 + 0 + 84 + -51 + -14 + 2 - 67
-68
What is 0 + -11 + (-7328 - -7427)?
88
Evaluate -9 + (81 - 81) + -80.
-89
-4 + (3 - 4) + (5 - -14 - (127 - 51))
-62
Evaluate 148 + -97 + -32 + 0.
19
Evaluate -846 + 800 - (4 + -96).
46
What is the value of 12 + -12 - (-4 - (0 + -7 + 6) - -3)?
0
Calculate 22 + (-9 - (1 + -4)) + (-873 - -891).
34
Evaluate (7 - 26) + 8 - (-88 + -1 - -18).
60
What is the value of -6 + (42 - (4 + 3)) - (-79 - -91)?
17
Evaluate (-25 - -68) + -3 - (-5 - -1) - 10.
34
Evaluate -25 + -1 - (69 - (-82 + 146)) - (3 - 1).
-33
Calculate (-8 - 0) + (13 - (11 - 17)).
11
-121 - (89 + -119) - -58
-33
What is -55 + (-127 + 108 - -21)?
-53
What is the value of 119 + (88 + -164 - 11)?
32
11 + (-10 - (21 + -14 + 3 + 0 + 58))
-67
What is -16 - (2 + 6 + 10 + -1 + -10)?
-23
Calculate (-2 - (1 - (1 + 3))) + (-282 - -268) + 140.
127
What is the value of (-8 - (-24 + -3)) + (-111 - -100)?
8
What is (15 - (0 + -2)) + (824 - 824) + 101?
118
What is the value of (-26 - (41 + 23 + -78)) + 16?
4
What is 32 + -1 - (107 - (78 - -28))?
30
What is -3 - (-10 - -15 - (2 - 5 - -13)) - -46?
48
What is (-99 - -83 - (6 - 1)) + 0?
-21
Evaluate -11 + 0 + (-2 - 1) - (26 - -16) - 14.
-70
Calculate (-45 - 19) + 59 + 50.
45
(0 - -3) + -19 - (31 - (-37 + 16))
-68
What is the value of -132 - (-339 - -217) - (0 - 0 - 31)?
21
What is the value of -550 + 558 - (2 - 3 - 24)?
33
(0 - (8 + (-19 - -7)) - 16) + 10
-2
Calculate (-6 + 2 - -5) + (-32 - -44) + -18.
-5
Evaluate 67 + -38 + -61 + -7 + (4 - 1).
-36
Calculate (2 - 19) + (157 - 158) - -4.
-14
(1 - -13) + (-8 - 0) + (-3196 - -3203)
13
What is the value of -5 + 10 - (294 + -315 - (1 - 41))?
-14
What is the value of 59 + 83 + -227 + (-7 - (3 - (-3 + 3)))?
-95
Calculate (-6685 - -6785) + (1 - 135).
-34
What is the value of -40 + (-25 - -47) - (-6 + 15 - -3)?
-30
(92 - 180) + 75 - (2 + 3 - -2)
-20
46 - (-4 + -19 - (96 + -91))
74
What is -51 + (18 - (4 + -38))?
1
What is the value of 1 + -9 + (26 - (29 - 12)) + 76?
77
-34 + -13 + -4 - (-8 + 15 - 20)
-38
(8 + 7 - 10 - 7 - (-3 + -4)) + -103
-98
Calculate -18 + (6 - (-4 + 2)) + (-8 - -2 - -139).
123
Calculate 1 + -22 - (3949 - 3953).
-17
Calculate -3 - (-4 + 7 - 5) - (-1327 + 1329).
-3
-134 - (-18 - 8) - -134
26
Calculate -10 - (4 - 41) - (-1 - 17).
45
What is -893 - -837 - (-1 - 19)?
-36
What is -15 + (15 - (13 + -16)) + -11 + 83?
75
13 - (0 + 14 + -5 + -1 + 8)
-3
What is (-142 - -158) + (-20 - 2) + -13 - (1 + -9)?
-11
15 + (-30 - (21 - 25) - 49)
-60
Evaluate (19 - -19) + -108 + 68.
-2
What is -257 + 259 + (2 + 1 + -50 - -3) + 0?
-42
Evaluate -22 + 10 + 12 + 1 + 11.
12
-47 - (-5 + -12 + 21 + -6)
-45
31 + (-59 + 35 - 23)
-16
Calculate 54 + -90 + (37 - -26).
27
-4 + 4 + -9 + (-70 - (13 + (-3 - 16)))
-73
1897 - 1905 - (0 - 0 - 0 - (-1 - -7))
-2
What is (41 - (36 - 0 - 10)) + (-66 - -1)?
-50
Evaluate (82 - 22) + (-14 - 52) - (-1 - (1 + -33)).
-37
What is the value of 31 - -3 - 46 - (2 + (57 - 2 - 2))?
-67
What is 68 + -2 - (25 - (-54 - -65))?
52
What is the value of -47 + 103 + (-3 - 1) + (1 - -7) + -18?
42
(-22 - -21) + -12 - (85 + -66)
-32
Calculate -1 + -7 + 0 + (7 - 2 - -14 - -70).
81
Evaluate (7 + 1 - 4) + 212 + -173.
43
(-18 - -31) + (-43 - (-12 - -7 - -7))
-32
What is (29 - 80) + -4 + 2 + (-1 - (2 + -2))?
-54
What is 93 + -11 - -5 - 100?
-13
What is the value of (54 - 46 - (20 - 0)) + -39 + 0 + 9?
-42
What is the value of -87 - (33 + (-29 - 8) + 6)?
-89
What is (-69 - -92) + 14 + 8?
45
What is the value of -89 + 124 + -20 + 64?
79
Evaluate 24 + -109 - (-5 - (-8 - -19)) - -4.
-65
What is -62 + 78 + (72 - 79) - (-1 - (0 + 106))?
116
What is the value of (37 - 0 - -8) + -89?
-44
Calculate -3 + 3 + (-9 - -2) + -3 + -7.
-17
What is the value of 76 - (3 + -6) - (-559 + 575)?
63
What is -29 - (-108 + -9) - 135?
-47
What is (-9 - 0) + (71 - 25 - 24)?
13
Calculate -14 + 3 + 2 + (6 - (11 + 5)).
-19
-19 + 27 - (4 + -4 - (36 - -1) - 4)
49
Evaluate (-7 - -10) + (-3 + -8 + 19 - 51).
-40
What is 9 + 5 + (10 - 21) + 20 + 0 + -7?
16
What is -7 - ((0 - 29) + -8 - 35)?
65
Evaluate 7 + (-92 - -100 - (5 + (-37 - 0))).
47
Evaluate 12 - -87 - (-3 + -42 + 70).
74
Calculate 4 + -37 + 91 - (-2 - 1).
61
Evaluate (5 - (9 + (-19 - -9)) - 9 - -33) + 8.
38
What is -2 - -88 - ((34 - 7) + (44 - 48) - 9)?
72
Calculate -10 - (20 + -1 + -8 + -8).
-13
What is (-10 - 1 - (-166 + (93 - 59))) + (1 - 2)?
120
11 - (-49 - (-6 + -13) - -12)
29
-7 - (-28 + (25 - 4) + -1) - 19
-18
(15 - (9 - -34)) + 9
-19
What is -33 + -7 + 10 + 2 + (88 - 106)?
-46
Evaluate -41 + 59 + (-12 - -23).
29
-17 + -25 + 35 + (-16 - 0)
-23
What is -55 - (46 - (66 + 59))?
24
What is -2 + -1 + -4 - (-413 - -368)?
38
What is 12 + -30 + -41 + 52 - (-1 - 10)?
4
Evaluate 0 + (-79 - (-31 - (0 - 11))).
-59
9 + -14 + (14 - -3) + 6 + (1 - 41)
-22
-8 + -35 - (11 + -40)
-14
What is -67 + (-27 - -78) - 35?
-51
16 + (-15 - -7) + -5 + (-36 - (3 - 0))
-36
What is the value of (3 - 1 - -3) + (-25 + 11 - 2 - 52)?
-63
Evaluate (97 - 52) + 18 - 73.
-10
What is (4 - 79) + (-316 - -366)?
-25
What is the value of 5 + 7 + (-15 - -6) + -7 - (-13 + 106)?
-97
What is the value of 115 + 0 - (-4087 - -4090)?
112
Evaluate (-126 - 17) + 38 - -170.
65
Calculate (2 - 1) + 33 + (-123 + -27 - -136).
20
-54 - (-10 + 18 + 7)
-69
What is the value of -23 - (-17 + 27) - (26 - 59)?
0
What is (-128 - 0) + 3 + -46 + -15 + 48 - 3?
-141
What is the value of 97 - 43 - (-8 - -99)?
-37
What is (-7 - (-12 - 1 - (-21 + (26 - 10)))) + 41?
42
What is the value of 5 + 36 + 10 + -17 + (9 - 22)?
21
Evaluate 19 + -48 - 118 - (-28 + 1).
-120
Calculate 13 + (43 - (62 - -20)).
-26
Calculate -3 + (175 - 84) + (-33 - 2).
53
Calculate 14 + (48 + 1 + 4 + -24 + 10 - -11).
64
Evaluate 43 + 18 + -21 + -103.
-63
Evaluate (-93 - (-82 + 5)) + -2 + 46.
28
What is -4 - (-6 + (-50 - -45))?
7
Evaluate (-492 - -526) + -3 + 5.
36
What is the value of -113 + -82 + -49 - -113?
-131
What is -24 - (-61 - (23 + -54)) - -71?
77
Evaluate (12 - 21 - -10 - -2 - 5) + (13 - -1).
12
What is (-39 - -83 - (10 + 13)) + -8?
13
Calculate (450 - 551) + 72 + -7.
-36
77 - (1 + (-30 - ((-24 - -31) + -20)))
93
What is the value of (6 - (2 + 7)) + (9 - (8 + 0))?
-2
What is 64 + -78 + (23 - -9)?
18
Evaluate 0 - 7 - (52 + -13 - 64).
18
Evaluate 1 + 15 + (304 - 334) - (-1 - -59) - 1.
-73
-11 + (-6 - 1 - (-114 - -110))
-14
What is -14 + (31 - (85 + -48))?
-20
-2 - ((-28 - (11 + 3 + -21)) + 3)
16
Evaluate -18 - (-40 + 1 + -316 + 332).
5
(-54 - -1) + 16 + 2 + -15 - (35 + -19)
-66
Calculate (166 - 60 - 60) + 12.
58
Evaluate (18 - 7) + -66 + ((1 - -2) + 6 - 7).
-53
What is 3 - -1 - -14 - (566 - 516)?
-32
-6 + 135 + (12 + -13 - 6) + 10 + -16
116
What is (-17 - -5) + 19 - (2 - (-60 - 5))?
-60
112 - (-33 - ((-17 - -21) + -62))
87
Calculate 578 + -588 + -3 + -1 - (8 - (-3 + 1)).
-24
Evaluate -16 + 148 + (-32 - 57).
43
What is the value of -100 + (-80 + 47 - -26 - (-18 + -1))?
-88
Evaluate 2 + (2 - 3) + -39 + (-19 - -6 - -11).
-40
(22 - (-75 - -100)) + 89
86
Evaluate (-2 - -15) + 23 + -11 - 107.
-82
What is the value of -40 + 0 - (-14 + -11)?
-15
What is 6 + (-8 - -12) - (46 + 44)?
-80
Evaluate (-44 - -60) + -16 + -15 + 41.
26
What is -1 - (13 - 46 - (17 + -40))?
9
Calculate -7 + (10 - 3) + (2 + (2 - 1) - 39).
-36
Evaluate 38 + -3 - (-4314 - -4413).
-64
Evaluate -18 + -6 - (-11 + -44) - 19.
12
-16 + (34 - 20) - ((2 - -57 - -5) + 2)
-68
What is the value of -19 + -1 - ((12 - 64) + 25)?
7
(1 + -5 - -2) + 1 - (2092 - 2067)
-26
What is (2 - -67) + (2 - (3 - -1)) - (3271 + -3263)?
59
(-11 - (21 - 10 - (1 + 10))) + -7
-18
(-13 - (7 - (65 + -19))) + 16 + -2
40
Calculate 68 - (13 - -34) - 34.
-13
11 + -9 + (-7 - -12) + 22 - 4
25
Calculate -2 + 1 + (2 - -6 - 7 - 38).
-38
What is the value of (-29 - -1) + 7 + -4 + 5?
-20
What is the value of (-2 - -1 - -39) + 2 + (-20 + 45 - 31)?
34
Calculate (-1 - -26) + (-57 - -26) + 46.
40
Evaluate -7 + (34 - -15) + 12 + (-33 - -18).
39
Calculate (-58 - -49) + (-20 - 1) - -8.
-22
What is ((61 - 27) + -193 - -45) + 45?
-69
Calculate 87 - (23 +